{"id":319,"date":"2019-04-18T21:33:18","date_gmt":"2019-04-18T19:33:18","guid":{"rendered":"http:\/\/lenjeu.eu\/?page_id=319"},"modified":"2019-04-21T20:35:32","modified_gmt":"2019-04-21T18:35:32","slug":"biographie-anne-marie-lacroix","status":"publish","type":"page","link":"https:\/\/lenjeu.eu\/?page_id=319","title":{"rendered":"Anne Marie Lacroix"},"content":{"rendered":"\n<p><br><\/p>\n\n\n\n<div class=\"wp-block-media-text alignwide\" style=\"grid-template-columns:29% auto\"><figure class=\"wp-block-media-text__media\"><img loading=\"lazy\" decoding=\"async\" width=\"426\" height=\"335\" src=\"http:\/\/lenjeu.eu\/wp-content\/uploads\/2019\/04\/AM-Lacroix.jpg\" alt=\"\" class=\"wp-image-287\" srcset=\"https:\/\/lenjeu.eu\/wp-content\/uploads\/2019\/04\/AM-Lacroix.jpg 426w, https:\/\/lenjeu.eu\/wp-content\/uploads\/2019\/04\/AM-Lacroix-300x236.jpg 300w\" sizes=\"auto, (max-width: 426px) 100vw, 426px\" \/><\/figure><div class=\"wp-block-media-text__content\">\n<p> <br>Dipl\u00f4m\u00e9e de l ENM de Mantes la jolie<br>Dipl\u00f4m\u00e9e de l \u00c9cole Normale de Musique de Paris<br>A consacr\u00e9 son temps \u00e0 l enseignement du chant et \u00e0 la direction de choeur. <br>A  particip\u00e9 \u00e0 la cr\u00e9ation de M\u00e9moire d eau de Luc Lemasne, du Requiem de  Mich\u00e8le Foison, du Fil du R\u00eave de Magali Leroy et Juliette Pirolli  <\/p>\n<\/div><\/div>\n","protected":false},"excerpt":{"rendered":"<p>Dipl\u00f4m\u00e9e de l ENM de Mantes la jolieDipl\u00f4m\u00e9e de l \u00c9cole Normale de Musique de ParisA consacr\u00e9 son temps \u00e0 l enseignement du chant et \u00e0 la direction de choeur. A particip\u00e9 \u00e0 la cr\u00e9ation de M\u00e9moire d eau de Luc Lemasne, du Requiem de Mich\u00e8le Foison, du Fil du R\u00eave de Magali Leroy et &hellip; <\/p>\n<p class=\"link-more\"><a href=\"https:\/\/lenjeu.eu\/?page_id=319\" class=\"more-link\">Continuer la lecture<span class=\"screen-reader-text\"> de &laquo;&nbsp;Anne Marie Lacroix&nbsp;&raquo;<\/span><\/a><\/p>\n","protected":false},"author":1,"featured_media":0,"parent":0,"menu_order":0,"comment_status":"closed","ping_status":"closed","template":"","meta":{"_mi_skip_tracking":false,"footnotes":""},"class_list":["post-319","page","type-page","status-publish","hentry"],"yoast_head":"<!-- This site is optimized with the Yoast SEO plugin v19.12 - https:\/\/yoast.com\/wordpress\/plugins\/seo\/ -->\n<title>Anne Marie Lacroix - L&#039;enjeu<\/title>\n<meta name=\"robots\" content=\"index, follow, max-snippet:-1, max-image-preview:large, max-video-preview:-1\" \/>\n<link rel=\"canonical\" href=\"https:\/\/lenjeu.eu\/?page_id=319\" \/>\n<meta property=\"og:locale\" content=\"fr_FR\" \/>\n<meta property=\"og:type\" content=\"article\" \/>\n<meta property=\"og:title\" content=\"Anne Marie Lacroix - L&#039;enjeu\" \/>\n<meta property=\"og:description\" content=\"Dipl\u00f4m\u00e9e de l ENM de Mantes la jolieDipl\u00f4m\u00e9e de l \u00c9cole Normale de Musique de ParisA consacr\u00e9 son temps \u00e0 l enseignement du chant et \u00e0 la direction de choeur. A particip\u00e9 \u00e0 la cr\u00e9ation de M\u00e9moire d eau de Luc Lemasne, du Requiem de Mich\u00e8le Foison, du Fil du R\u00eave de Magali Leroy et &hellip; Continuer la lecture de &laquo;&nbsp;Anne Marie Lacroix&nbsp;&raquo;\" \/>\n<meta property=\"og:url\" content=\"https:\/\/lenjeu.eu\/?page_id=319\" \/>\n<meta property=\"og:site_name\" content=\"L&#039;enjeu\" \/>\n<meta property=\"article:modified_time\" content=\"2019-04-21T18:35:32+00:00\" \/>\n<meta property=\"og:image\" content=\"http:\/\/lenjeu.eu\/wp-content\/uploads\/2019\/04\/AM-Lacroix.jpg\" \/>\n<meta name=\"twitter:card\" content=\"summary_large_image\" \/>\n<script type=\"application\/ld+json\" class=\"yoast-schema-graph\">{\"@context\":\"https:\/\/schema.org\",\"@graph\":[{\"@type\":\"WebPage\",\"@id\":\"https:\/\/lenjeu.eu\/?page_id=319\",\"url\":\"https:\/\/lenjeu.eu\/?page_id=319\",\"name\":\"Anne Marie Lacroix - L&#039;enjeu\",\"isPartOf\":{\"@id\":\"https:\/\/lenjeu.eu\/#website\"},\"datePublished\":\"2019-04-18T19:33:18+00:00\",\"dateModified\":\"2019-04-21T18:35:32+00:00\",\"breadcrumb\":{\"@id\":\"https:\/\/lenjeu.eu\/?page_id=319#breadcrumb\"},\"inLanguage\":\"fr-FR\",\"potentialAction\":[{\"@type\":\"ReadAction\",\"target\":[\"https:\/\/lenjeu.eu\/?page_id=319\"]}]},{\"@type\":\"BreadcrumbList\",\"@id\":\"https:\/\/lenjeu.eu\/?page_id=319#breadcrumb\",\"itemListElement\":[{\"@type\":\"ListItem\",\"position\":1,\"name\":\"Accueil\",\"item\":\"https:\/\/lenjeu.eu\/\"},{\"@type\":\"ListItem\",\"position\":2,\"name\":\"Anne Marie Lacroix\"}]},{\"@type\":\"WebSite\",\"@id\":\"https:\/\/lenjeu.eu\/#website\",\"url\":\"https:\/\/lenjeu.eu\/\",\"name\":\"L&#039;enjeu\",\"description\":\"\",\"potentialAction\":[{\"@type\":\"SearchAction\",\"target\":{\"@type\":\"EntryPoint\",\"urlTemplate\":\"https:\/\/lenjeu.eu\/?s={search_term_string}\"},\"query-input\":\"required name=search_term_string\"}],\"inLanguage\":\"fr-FR\"}]}<\/script>\n<!-- \/ Yoast SEO plugin. -->","yoast_head_json":{"title":"Anne Marie Lacroix - L&#039;enjeu","robots":{"index":"index","follow":"follow","max-snippet":"max-snippet:-1","max-image-preview":"max-image-preview:large","max-video-preview":"max-video-preview:-1"},"canonical":"https:\/\/lenjeu.eu\/?page_id=319","og_locale":"fr_FR","og_type":"article","og_title":"Anne Marie Lacroix - L&#039;enjeu","og_description":"Dipl\u00f4m\u00e9e de l ENM de Mantes la jolieDipl\u00f4m\u00e9e de l \u00c9cole Normale de Musique de ParisA consacr\u00e9 son temps \u00e0 l enseignement du chant et \u00e0 la direction de choeur. A particip\u00e9 \u00e0 la cr\u00e9ation de M\u00e9moire d eau de Luc Lemasne, du Requiem de Mich\u00e8le Foison, du Fil du R\u00eave de Magali Leroy et &hellip; Continuer la lecture de &laquo;&nbsp;Anne Marie Lacroix&nbsp;&raquo;","og_url":"https:\/\/lenjeu.eu\/?page_id=319","og_site_name":"L&#039;enjeu","article_modified_time":"2019-04-21T18:35:32+00:00","og_image":[{"url":"http:\/\/lenjeu.eu\/wp-content\/uploads\/2019\/04\/AM-Lacroix.jpg"}],"twitter_card":"summary_large_image","schema":{"@context":"https:\/\/schema.org","@graph":[{"@type":"WebPage","@id":"https:\/\/lenjeu.eu\/?page_id=319","url":"https:\/\/lenjeu.eu\/?page_id=319","name":"Anne Marie Lacroix - L&#039;enjeu","isPartOf":{"@id":"https:\/\/lenjeu.eu\/#website"},"datePublished":"2019-04-18T19:33:18+00:00","dateModified":"2019-04-21T18:35:32+00:00","breadcrumb":{"@id":"https:\/\/lenjeu.eu\/?page_id=319#breadcrumb"},"inLanguage":"fr-FR","potentialAction":[{"@type":"ReadAction","target":["https:\/\/lenjeu.eu\/?page_id=319"]}]},{"@type":"BreadcrumbList","@id":"https:\/\/lenjeu.eu\/?page_id=319#breadcrumb","itemListElement":[{"@type":"ListItem","position":1,"name":"Accueil","item":"https:\/\/lenjeu.eu\/"},{"@type":"ListItem","position":2,"name":"Anne Marie Lacroix"}]},{"@type":"WebSite","@id":"https:\/\/lenjeu.eu\/#website","url":"https:\/\/lenjeu.eu\/","name":"L&#039;enjeu","description":"","potentialAction":[{"@type":"SearchAction","target":{"@type":"EntryPoint","urlTemplate":"https:\/\/lenjeu.eu\/?s={search_term_string}"},"query-input":"required name=search_term_string"}],"inLanguage":"fr-FR"}]}},"_links":{"self":[{"href":"https:\/\/lenjeu.eu\/index.php?rest_route=\/wp\/v2\/pages\/319","targetHints":{"allow":["GET"]}}],"collection":[{"href":"https:\/\/lenjeu.eu\/index.php?rest_route=\/wp\/v2\/pages"}],"about":[{"href":"https:\/\/lenjeu.eu\/index.php?rest_route=\/wp\/v2\/types\/page"}],"author":[{"embeddable":true,"href":"https:\/\/lenjeu.eu\/index.php?rest_route=\/wp\/v2\/users\/1"}],"replies":[{"embeddable":true,"href":"https:\/\/lenjeu.eu\/index.php?rest_route=%2Fwp%2Fv2%2Fcomments&post=319"}],"version-history":[{"count":5,"href":"https:\/\/lenjeu.eu\/index.php?rest_route=\/wp\/v2\/pages\/319\/revisions"}],"predecessor-version":[{"id":505,"href":"https:\/\/lenjeu.eu\/index.php?rest_route=\/wp\/v2\/pages\/319\/revisions\/505"}],"wp:attachment":[{"href":"https:\/\/lenjeu.eu\/index.php?rest_route=%2Fwp%2Fv2%2Fmedia&parent=319"}],"curies":[{"name":"wp","href":"https:\/\/api.w.org\/{rel}","templated":true}]}}

<p><br></p>



<div class="wp-block-media-text alignwide" style="grid-template-columns:29% auto"><figure class="wp-block-media-text__media"><img loading="lazy" decoding="async" width="426" height="335" src="http://lenjeu.eu/wp-content/uploads/2019/04/AM-Lacroix.jpg" alt="" class="wp-image-287" srcset="https://lenjeu.eu/wp-content/uploads/2019/04/AM-Lacroix.jpg 426w, https://lenjeu.eu/wp-content/uploads/2019/04/AM-Lacroix-300x236.jpg 300w" sizes="auto, (max-width: 426px) 100vw, 426px" /></figure><div class="wp-block-media-text__content">
<p> <br>Diplômée de l ENM de Mantes la jolie<br>Diplômée de l École Normale de Musique de Paris<br>A consacré son temps à l enseignement du chant et à la direction de choeur. <br>A  participé à la création de Mémoire d eau de Luc Lemasne, du Requiem de  Michèle Foison, du Fil du Rêve de Magali Leroy et Juliette Pirolli  </p>
</div></div>

<p>Diplômée de l ENM de Mantes la jolieDiplômée de l École Normale de Musique de ParisA consacré son temps à l enseignement du chant et à la direction de choeur. A participé à la création de Mémoire d eau de Luc Lemasne, du Requiem de Michèle Foison, du Fil du Rêve de Magali Leroy et &hellip; </p>
<p class="link-more"><a href="https://lenjeu.eu/?page_id=319" class="more-link">Continuer la lecture<span class="screen-reader-text"> de &laquo;&nbsp;Anne Marie Lacroix&nbsp;&raquo;</span></a></p>

<!-- This site is optimized with the Yoast SEO plugin v19.12 - https://yoast.com/wordpress/plugins/seo/ -->
<title>Anne Marie Lacroix - L&#039;enjeu</title>
<meta name="robots" content="index, follow, max-snippet:-1, max-image-preview:large, max-video-preview:-1" />
<link rel="canonical" href="https://lenjeu.eu/?page_id=319" />
<meta property="og:locale" content="fr_FR" />
<meta property="og:type" content="article" />
<meta property="og:title" content="Anne Marie Lacroix - L&#039;enjeu" />
<meta property="og:description" content="Diplômée de l ENM de Mantes la jolieDiplômée de l École Normale de Musique de ParisA consacré son temps à l enseignement du chant et à la direction de choeur. A participé à la création de Mémoire d eau de Luc Lemasne, du Requiem de Michèle Foison, du Fil du Rêve de Magali Leroy et &hellip; Continuer la lecture de &laquo;&nbsp;Anne Marie Lacroix&nbsp;&raquo;" />
<meta property="og:url" content="https://lenjeu.eu/?page_id=319" />
<meta property="og:site_name" content="L&#039;enjeu" />
<meta property="article:modified_time" content="2019-04-21T18:35:32+00:00" />
<meta property="og:image" content="http://lenjeu.eu/wp-content/uploads/2019/04/AM-Lacroix.jpg" />
<meta name="twitter:card" content="summary_large_image" />
<script type="application/ld+json" class="yoast-schema-graph">{"@context":"https://schema.org","@graph":[{"@type":"WebPage","@id":"https://lenjeu.eu/?page_id=319","url":"https://lenjeu.eu/?page_id=319","name":"Anne Marie Lacroix - L&#039;enjeu","isPartOf":{"@id":"https://lenjeu.eu/#website"},"datePublished":"2019-04-18T19:33:18+00:00","dateModified":"2019-04-21T18:35:32+00:00","breadcrumb":{"@id":"https://lenjeu.eu/?page_id=319#breadcrumb"},"inLanguage":"fr-FR","potentialAction":[{"@type":"ReadAction","target":["https://lenjeu.eu/?page_id=319"]}]},{"@type":"BreadcrumbList","@id":"https://lenjeu.eu/?page_id=319#breadcrumb","itemListElement":[{"@type":"ListItem","position":1,"name":"Accueil","item":"https://lenjeu.eu/"},{"@type":"ListItem","position":2,"name":"Anne Marie Lacroix"}]},{"@type":"WebSite","@id":"https://lenjeu.eu/#website","url":"https://lenjeu.eu/","name":"L&#039;enjeu","description":"","potentialAction":[{"@type":"SearchAction","target":{"@type":"EntryPoint","urlTemplate":"https://lenjeu.eu/?s={search_term_string}"},"query-input":"required name=search_term_string"}],"inLanguage":"fr-FR"}]}</script>
<!-- / Yoast SEO plugin. -->

Diplômée de l ENM de Mantes la jolieDiplômée de l École Normale de Musique de ParisA consacré son temps à l enseignement du chant et à la direction de choeur. A participé à la création de Mémoire d eau de Luc Lemasne, du Requiem de Michèle Foison, du Fil du Rêve de Magali Leroy et &hellip; Continuer la lecture de &laquo;&nbsp;Anne Marie Lacroix&nbsp;&raquo;
