{"id":610,"date":"2022-09-30T17:20:14","date_gmt":"2022-09-30T15:20:14","guid":{"rendered":"https:\/\/lenjeu.eu\/?page_id=610"},"modified":"2022-10-01T16:02:11","modified_gmt":"2022-10-01T14:02:11","slug":"2-playbacks-orchestre","status":"publish","type":"page","link":"https:\/\/lenjeu.eu\/?page_id=610","title":{"rendered":"2 playbacks orchestre"},"content":{"rendered":"\n<p>[:]<\/p>\n\n\n\n<p><strong>Acte 1 \u2013 Sc\u00e8ne 3 : Louise retrouve ses amies<\/strong><\/p>\n\n\n\n<figure class=\"wp-block-embed is-type-video is-provider-youtube wp-block-embed-youtube wp-embed-aspect-16-9 wp-has-aspect-ratio\"><div class=\"wp-block-embed__wrapper\">\n<iframe loading=\"lazy\" title=\"03 Acte 1 Scene 3 - Louise retrouve ses amies\" width=\"525\" height=\"295\" src=\"https:\/\/www.youtube.com\/embed\/qb_EGRYmqEQ?feature=oembed\" frameborder=\"0\" allow=\"accelerometer; autoplay; clipboard-write; encrypted-media; gyroscope; picture-in-picture; web-share\" referrerpolicy=\"strict-origin-when-cross-origin\" allowfullscreen><\/iframe>\n<\/div><figcaption>Louise : St\u00e9phanie Moyart<br>Manon : C\u00e9cile Duroussaud<br>Apolline : Anne Marie Lacroix<\/figcaption><\/figure>\n\n\n\n<p><strong>Playback orchestre \u2013 Acte 1 \u2013 Sc\u00e8ne 3<\/strong><\/p>\n\n\n\n<figure class=\"wp-block-audio\"><audio controls src=\"https:\/\/lenjeu.eu\/wp-content\/uploads\/2019\/05\/04-Acte-1-Scene-3-Louise-retrouve-ses-amies.mp3\"><\/audio><\/figure>\n\n\n\n<p>Lyrics<br><br><strong>Manon<\/strong><br>Ah Louise<br>Mais qu\u2019avez-vous&nbsp;?<br>Vous \u00eates toute p\u00e2le<br><br><strong>Louise<\/strong><br>Cet homme me donne la naus\u00e9e<br><br><strong>Manon<\/strong><br>Qui \u00e7a&nbsp;?<br><br><strong>Louise<\/strong><br>Son regard retourne les entrailles<br><br><strong>Manon<\/strong><br>Mais qui&nbsp;?<br><br><strong>Louise<\/strong><br>Mais le marquis de Noayes<br><br><strong>Apolline&nbsp;<\/strong><br>Ah ce vieux vicieux<br><br><strong>Louise<\/strong><br>Avez-vous vu ses yeux ?<br><br><strong>Manon<\/strong><br>Et son ventre&nbsp;?<br><br><strong>Apolline&nbsp;<\/strong><br>On dit avoir les yeux<br>Plus gros que le ventre.<br><br><strong>Louise<\/strong><br>Mais chez lui c\u2019est tout le contraire<br>A force de d\u00e9vorer de son regard pervers<br>Toutes les femmes qui croisent son chemin<br>Il risque d\u2019\u00e9clater son&nbsp; intestin<br><br><strong>Manon<\/strong><br>Et son front tout perl\u00e9 de sueur&nbsp;?<br><br><strong>Louise<\/strong><br>Il a du mal \u00e0 dig\u00e9rer<br>C\u2019est ce qui le fait transpirer<br><br><strong>Apolline<\/strong><br>Allons, allons, mes amies<br>Profitons de la vie<br><br>C\u2019est une journ\u00e9e d\u00e9licieuse<br>Les jardins sont magnifiques<br>Et les gens fort sympathiques<br>Laissons nos \u00e2mes joyeuses<\/p>\n\n\n\n<p><strong>Toutes les 3 + Ch\u0153urs<\/strong><br>C\u2019est une journ\u00e9e d\u00e9licieuse<br>Les jardins sont magnifiques<br>Et les gens fort sympathiques<br>Laissons nos \u00e2mes joyeuses\u00a0\u00a0<\/p>\n\n\n\n<p><\/p>\n\n\n\n<p><strong>Acte 3 \u2013 Sc\u00e8ne 8 : La col\u00e8re de Louise<\/strong><\/p>\n\n\n\n<figure class=\"wp-block-embed is-type-video is-provider-youtube wp-block-embed-youtube wp-embed-aspect-16-9 wp-has-aspect-ratio\"><div class=\"wp-block-embed__wrapper\">\n<iframe loading=\"lazy\" title=\"26 Acte 3 Sc\u00e8ne 8 - La col\u00e8re de Louise\" width=\"525\" height=\"295\" src=\"https:\/\/www.youtube.com\/embed\/IyzWFsiCCOA?feature=oembed\" frameborder=\"0\" allow=\"accelerometer; autoplay; clipboard-write; encrypted-media; gyroscope; picture-in-picture; web-share\" referrerpolicy=\"strict-origin-when-cross-origin\" allowfullscreen><\/iframe>\n<\/div><figcaption>Chant\u00e9 par St\u00e9phanie Moyart<\/figcaption><\/figure>\n\n\n\n<p><strong>Playback orchestre \u2013 Acte 3 \u2013 Sc\u00e8ne 8<\/strong><\/p>\n\n\n\n<figure class=\"wp-block-audio\"><audio controls src=\"https:\/\/lenjeu.eu\/wp-content\/uploads\/2019\/05\/27-Acte-3-Scene-8-La-col%C3%A8re-de-Louise.mp3\"><\/audio><\/figure>\n\n\n\n<p>Lyrics<\/p>\n\n\n\n<p>Ah ah ah ah ah ah ah<br>ah ah ah ah ah ah ah<br>Il me faut rester sereine<\/p>\n\n\n\n<p>Ah ah ah ah ah ah ah<br>ah ah ah ah ah ah ah<br>je dois oublier &nbsp;ma haine<\/p>\n\n\n\n<p>Mais quand je pense<br>\u00e0 quoi j\u2019ai \u00e9chapp\u00e9<\/p>\n\n\n\n<p>J\u2019ai la naus\u00e9e<br>des frissons<br>des su\u00e9es<br>et des palpitations<br>Rien que d\u2019y penser<br>ma col\u00e8re je ne peux refreiner<\/p>\n\n\n\n<p>Ah ah ah ah ah ah ah<br>ah ah ah ah ah ah ah<br>Tranquille est ma conscience<\/p>\n\n\n\n<p>Ah ah ah ah ah ah ah<br>ah ah ah ah ah ah ah<br>l\u00e9gitime fut ma d\u00e9fense<\/p>\n\n\n\n<p>Si je ne l\u2019eusse assassin\u00e9<br>Le d\u00e9shonneur m\u2019aurait tu\u00e9e<\/p>\n","protected":false},"excerpt":{"rendered":"<p>[:] Acte 1 \u2013 Sc\u00e8ne 3 : Louise retrouve ses amies Playback orchestre \u2013 Acte 1 \u2013 Sc\u00e8ne 3 Lyrics ManonAh LouiseMais qu\u2019avez-vous&nbsp;?Vous \u00eates toute p\u00e2le LouiseCet homme me donne la naus\u00e9e ManonQui \u00e7a&nbsp;? LouiseSon regard retourne les entrailles ManonMais qui&nbsp;? LouiseMais le marquis de Noayes Apolline&nbsp;Ah ce vieux vicieux LouiseAvez-vous vu ses yeux ? &hellip; <\/p>\n<p class=\"link-more\"><a href=\"https:\/\/lenjeu.eu\/?page_id=610\" class=\"more-link\">Continuer la lecture<span class=\"screen-reader-text\"> de &laquo;&nbsp;2 playbacks orchestre&nbsp;&raquo;<\/span><\/a><\/p>\n","protected":false},"author":1,"featured_media":0,"parent":0,"menu_order":0,"comment_status":"closed","ping_status":"closed","template":"","meta":{"_mi_skip_tracking":false,"footnotes":""},"class_list":["post-610","page","type-page","status-publish","hentry"],"yoast_head":"<!-- This site is optimized with the Yoast SEO plugin v19.12 - https:\/\/yoast.com\/wordpress\/plugins\/seo\/ -->\n<title>2 playbacks orchestre - L&#039;enjeu<\/title>\n<meta name=\"robots\" content=\"index, follow, max-snippet:-1, max-image-preview:large, max-video-preview:-1\" \/>\n<link rel=\"canonical\" href=\"https:\/\/lenjeu.eu\/?page_id=610\" \/>\n<meta property=\"og:locale\" content=\"fr_FR\" \/>\n<meta property=\"og:type\" content=\"article\" \/>\n<meta property=\"og:title\" content=\"2 playbacks orchestre - L&#039;enjeu\" \/>\n<meta property=\"og:description\" content=\"[:] Acte 1 \u2013 Sc\u00e8ne 3 : Louise retrouve ses amies Playback orchestre \u2013 Acte 1 \u2013 Sc\u00e8ne 3 Lyrics ManonAh LouiseMais qu\u2019avez-vous&nbsp;?Vous \u00eates toute p\u00e2le LouiseCet homme me donne la naus\u00e9e ManonQui \u00e7a&nbsp;? LouiseSon regard retourne les entrailles ManonMais qui&nbsp;? LouiseMais le marquis de Noayes Apolline&nbsp;Ah ce vieux vicieux LouiseAvez-vous vu ses yeux ? &hellip; Continuer la lecture de &laquo;&nbsp;2 playbacks orchestre&nbsp;&raquo;\" \/>\n<meta property=\"og:url\" content=\"https:\/\/lenjeu.eu\/?page_id=610\" \/>\n<meta property=\"og:site_name\" content=\"L&#039;enjeu\" \/>\n<meta property=\"article:modified_time\" content=\"2022-10-01T14:02:11+00:00\" \/>\n<meta name=\"twitter:card\" content=\"summary_large_image\" \/>\n<meta name=\"twitter:label1\" content=\"Dur\u00e9e de lecture estim\u00e9e\" \/>\n\t<meta name=\"twitter:data1\" content=\"2 minutes\" \/>\n<script type=\"application\/ld+json\" class=\"yoast-schema-graph\">{\"@context\":\"https:\/\/schema.org\",\"@graph\":[{\"@type\":\"WebPage\",\"@id\":\"https:\/\/lenjeu.eu\/?page_id=610\",\"url\":\"https:\/\/lenjeu.eu\/?page_id=610\",\"name\":\"2 playbacks orchestre - L&#039;enjeu\",\"isPartOf\":{\"@id\":\"https:\/\/lenjeu.eu\/#website\"},\"datePublished\":\"2022-09-30T15:20:14+00:00\",\"dateModified\":\"2022-10-01T14:02:11+00:00\",\"breadcrumb\":{\"@id\":\"https:\/\/lenjeu.eu\/?page_id=610#breadcrumb\"},\"inLanguage\":\"fr-FR\",\"potentialAction\":[{\"@type\":\"ReadAction\",\"target\":[\"https:\/\/lenjeu.eu\/?page_id=610\"]}]},{\"@type\":\"BreadcrumbList\",\"@id\":\"https:\/\/lenjeu.eu\/?page_id=610#breadcrumb\",\"itemListElement\":[{\"@type\":\"ListItem\",\"position\":1,\"name\":\"Accueil\",\"item\":\"https:\/\/lenjeu.eu\/\"},{\"@type\":\"ListItem\",\"position\":2,\"name\":\"2 playbacks orchestre\"}]},{\"@type\":\"WebSite\",\"@id\":\"https:\/\/lenjeu.eu\/#website\",\"url\":\"https:\/\/lenjeu.eu\/\",\"name\":\"L&#039;enjeu\",\"description\":\"\",\"potentialAction\":[{\"@type\":\"SearchAction\",\"target\":{\"@type\":\"EntryPoint\",\"urlTemplate\":\"https:\/\/lenjeu.eu\/?s={search_term_string}\"},\"query-input\":\"required name=search_term_string\"}],\"inLanguage\":\"fr-FR\"}]}<\/script>\n<!-- \/ Yoast SEO plugin. -->","yoast_head_json":{"title":"2 playbacks orchestre - L&#039;enjeu","robots":{"index":"index","follow":"follow","max-snippet":"max-snippet:-1","max-image-preview":"max-image-preview:large","max-video-preview":"max-video-preview:-1"},"canonical":"https:\/\/lenjeu.eu\/?page_id=610","og_locale":"fr_FR","og_type":"article","og_title":"2 playbacks orchestre - L&#039;enjeu","og_description":"[:] Acte 1 \u2013 Sc\u00e8ne 3 : Louise retrouve ses amies Playback orchestre \u2013 Acte 1 \u2013 Sc\u00e8ne 3 Lyrics ManonAh LouiseMais qu\u2019avez-vous&nbsp;?Vous \u00eates toute p\u00e2le LouiseCet homme me donne la naus\u00e9e ManonQui \u00e7a&nbsp;? LouiseSon regard retourne les entrailles ManonMais qui&nbsp;? LouiseMais le marquis de Noayes Apolline&nbsp;Ah ce vieux vicieux LouiseAvez-vous vu ses yeux ? &hellip; Continuer la lecture de &laquo;&nbsp;2 playbacks orchestre&nbsp;&raquo;","og_url":"https:\/\/lenjeu.eu\/?page_id=610","og_site_name":"L&#039;enjeu","article_modified_time":"2022-10-01T14:02:11+00:00","twitter_card":"summary_large_image","twitter_misc":{"Dur\u00e9e de lecture estim\u00e9e":"2 minutes"},"schema":{"@context":"https:\/\/schema.org","@graph":[{"@type":"WebPage","@id":"https:\/\/lenjeu.eu\/?page_id=610","url":"https:\/\/lenjeu.eu\/?page_id=610","name":"2 playbacks orchestre - L&#039;enjeu","isPartOf":{"@id":"https:\/\/lenjeu.eu\/#website"},"datePublished":"2022-09-30T15:20:14+00:00","dateModified":"2022-10-01T14:02:11+00:00","breadcrumb":{"@id":"https:\/\/lenjeu.eu\/?page_id=610#breadcrumb"},"inLanguage":"fr-FR","potentialAction":[{"@type":"ReadAction","target":["https:\/\/lenjeu.eu\/?page_id=610"]}]},{"@type":"BreadcrumbList","@id":"https:\/\/lenjeu.eu\/?page_id=610#breadcrumb","itemListElement":[{"@type":"ListItem","position":1,"name":"Accueil","item":"https:\/\/lenjeu.eu\/"},{"@type":"ListItem","position":2,"name":"2 playbacks orchestre"}]},{"@type":"WebSite","@id":"https:\/\/lenjeu.eu\/#website","url":"https:\/\/lenjeu.eu\/","name":"L&#039;enjeu","description":"","potentialAction":[{"@type":"SearchAction","target":{"@type":"EntryPoint","urlTemplate":"https:\/\/lenjeu.eu\/?s={search_term_string}"},"query-input":"required name=search_term_string"}],"inLanguage":"fr-FR"}]}},"_links":{"self":[{"href":"https:\/\/lenjeu.eu\/index.php?rest_route=\/wp\/v2\/pages\/610","targetHints":{"allow":["GET"]}}],"collection":[{"href":"https:\/\/lenjeu.eu\/index.php?rest_route=\/wp\/v2\/pages"}],"about":[{"href":"https:\/\/lenjeu.eu\/index.php?rest_route=\/wp\/v2\/types\/page"}],"author":[{"embeddable":true,"href":"https:\/\/lenjeu.eu\/index.php?rest_route=\/wp\/v2\/users\/1"}],"replies":[{"embeddable":true,"href":"https:\/\/lenjeu.eu\/index.php?rest_route=%2Fwp%2Fv2%2Fcomments&post=610"}],"version-history":[{"count":4,"href":"https:\/\/lenjeu.eu\/index.php?rest_route=\/wp\/v2\/pages\/610\/revisions"}],"predecessor-version":[{"id":677,"href":"https:\/\/lenjeu.eu\/index.php?rest_route=\/wp\/v2\/pages\/610\/revisions\/677"}],"wp:attachment":[{"href":"https:\/\/lenjeu.eu\/index.php?rest_route=%2Fwp%2Fv2%2Fmedia&parent=610"}],"curies":[{"name":"wp","href":"https:\/\/api.w.org\/{rel}","templated":true}]}}